r - 2 - k**2. Determine v(-5).
6
Let z be 4*(-4)/(-8)*2. Let g = 5 - z. Let l(o) = -g + 2 + 3*o**2 + o + o**2. What is l(-1)?
4
Let r(m) be the third derivative of -m**6/120 - m**5/12 + m**4/8 - m**3/2 - 3*m**2. Let o(j) = 12*j - 6 + j**2 - 4*j**2 + 4*j**2. Let i be o(-12). Give r(i).
15
Let g(o) = 4*o + 6. Suppose -m - 2 - 4 = 0. Let l be 20/(-6)*m/(-4). What is g(l)?
-14
Suppose 0 = 2*q - 19 - 11. Let y be (q/6*-2)/(-1). Let f(r) = r**2 + 5 - y + 4*r. Give f(-5).
5
Let r be (-28)/(-8)*(-4)/(-1). Let c = -16 + r. Let t(q) = 2*q - 2. Give t(c).
-6
Let m(v) = -v**3 - 5*v**2 - 6. Let a = 0 - 4. Let i be (a + 6)/((-2)/5). Give m(i).
-6
Suppose 42 = 2*l - 4*v, 2*v = -2*l + 3 + 15. Let d(c) = -c**3 + 13*c**2 - c + 19. Determine d(l).
6
Let c be (6/(-12))/((-2)/16). Suppose 0 = c*z - 1 + 5. Let a(d) = -1 - 17*d**2 - 270*d - 274*d + 542*d. Calculate a(z).
-16
Let n(j) = 2*j - 10. Suppose -4*h + 5*h = 0. Suppose s - 7 = -h*s. Determine n(s).
4
Let u(f) be the first derivative of f**5/20 + f**4/12 - f**3/2 - 3*f**2/2 + 16*f - 23. Let g(n) be the first derivative of u(n). Calculate g(-2).
-1
Suppose 5*i - 12 + 5 = h, 5*i - 11 = 3*h. Let c(x) = 3*x**3 - 3*x**2 - 3*x - 3. Determine c(h).
-33
Let k(f) be the first derivative of 0*f - 1/6*f**4 - 2 - 1/120*f**6 + 2*f**2 - 1/3*f**3 - 1/15*f**5. Let u(c) be the second derivative of k(c). What is u(-3)?
1
Let p(l) be the third derivative of 1/120*l**6 + 42*l**2 + 0 + 1/6*l**4 + 1/15*l**5 + 0*l + 1/2*l**3. Let u(n) = n + 1. Let a be u(-4). Determine p(a).
0
Suppose 3*k - 7*k = -64. Let m be 36/162 + k/9. Let r(c) = -5*c - 2*c**2 + c + c**2 + m*c**2. What is r(6)?
12
Let k(o) = o**3 + 2*o**2 + 5*o - 2. Let a(i) = i + 22*i**2 - 2*i**3 + 2 - 24*i**2 - 7*i. Let d(q) = 2*a(q) + 3*k(q). Determine d(3).
-2
Let h(s) = 3*s + 42. Let d(b) = 2*b**2 - 2*b - 73. Let u be d(6). Give h(u).
3
Let w(v) = -2*v**2 - 7*v - 5. Let q = 54 + -58. Determine w(q).
-9
Let o(b) = -2*b**2 + 16*b + 15. Let v(x) = x**2 - 1. Let k(d) = o(d) + v(d). Give k(17).
-3
Let c = -2224 - -2222. Let x(g) = -g**3 + 5*g**2 - 5*g**2 + g**2 + 3*g + 3. What is x(c)?
9
Let y(n) = 9*n + 23. Let r(c) = -5*c - 13. Let x(t) = 11*r(t) + 6*y(t). Suppose 0 = 10*z - 11*z. Give x(z).
-5
Let c(u) = -u**2 - 3*u + 4. Let d be c(-3). Let j(o) = 0*o**2 - 1114*o**3 + 1115*o**3 - 3*o - 5 + d*o**2. What is j(-4)?
7
Suppose 8 = 6*f - 10. Let j be (28/12 - 2)*3. Let d(l) = 2 - 6 + 2*l - l + j. What is d(f)?
0
Let v be 12/(-10)*(-230)/69. Suppose -v*t = 25 - 9. Let g(r) = r**3 + 5*r**2 + 5*r + 6. Determine g(t).
2
Let g(n) = -8*n**2 - 6. Let y(t) = 7*t**2 + t. Let c(l) = g(l) + y(l). Calculate c(-7).
-62
Let j(z) = z - 15. Let b be j(8). Let k(w) = -w**3 - 8*w**2 - 5*w + 8. Calculate k(b).
-6
Let f(m) = m**2 + 3*m - 8. Suppose -5*l - 3*l = 56. What is f(l)?
20
Let h be (-44)/32 + 24/64. Let j(k) = -4 - 2 - 16*k**2 + 5. What is j(h)?
-17
Let x(r) be the third derivative of -r**5/60 + r**4/8 + r**3/3 + r**2. Let n(v) = v**2 - 20*v + 5. Let w be n(18). Let t = -26 - w. Calculate x(t).
-8
Suppose -3*w - 9 = 3*a, -4 = 2*a + 3*w - 2. Let b(o) = o**2 + 6*o - 3. Let j(x) = x**2 + 6*x - 4. Let r(z) = -6*b(z) + 7*j(z). Determine r(a).
-3
Suppose -4*t - 40 = -5*c + 39, -5*c - t + 74 = 0. Let m(n) = -c + 19 + n - 6 + 0*n. Give m(6).
4
Let w(s) = -2*s**2 + 9*s + 3. Let p(m) = m**2 - 4*m - 2. Let t(j) = 7*p(j) + 3*w(j). Calculate t(-4).
15
Let l(k) be the first derivative of -12 + 5/2*k**2 - 2/3*k**3 + 6*k. Give l(5).
-19
Let u(t) be the first derivative of -t**4/6 - 5*t**3/6 - 3*t**2/2 - 2*t + 30. Let n(y) be the first derivative of u(y). Give n(-3).
-6
Let m(j) = j**3 - 11*j**2 + 4*j + 1. Suppose -2*g = -10, -19 = -3*p - 2*g + 24. What is m(p)?
45
Let m = -7 - -19. Let p = 14 - m. Suppose -p = -r + 3. Let i(a) = 2*a - 5. Give i(r).
5
Let w(r) = 7*r - 1. Suppose -15*f + 180 - 90 = 0. Calculate w(f).
41
Let k(y) = y**2 - 8*y - 2. Let z be k(9). Let i(b) be the first derivative of b**4/4 - 7*b**3/3 - b**2/2 + 6*b + 21. Determine i(z).
-1
Let i(g) be the first derivative of 7*g + 13 + 3/2*g**2. Calculate i(-6).
-11
Let p(q) be the third derivative of -q**5/60 + q**4/2 - 8*q**3/3 - 6*q**2 - 3*q. Determine p(11).
-5
Let k(z) be the second derivative of z**5/20 - z**4/6 - z**3/6 + z. Suppose 2*i + 5 = -3*p, 0*i - 3*p = -i + 11. Let l be (-3 + -2)/(-1) - i. What is k(l)?
6
Let t(b) = -b**3 - 4*b**2 + 8*b. Let m(g) = -g**2 + g + 1. Let x(s) = -m(s) + t(s). Calculate x(-5).
14
Let l be (30/7)/(-5)*-1*7. Suppose -n - l = -2. Let r(d) = -d**3 - 5*d**2 - 5*d - 2. Give r(n).
2
Let c(x) = 5*x**2 + 6*x**3 - 13 - 17*x**2 - 5*x**3 + 5*x**2. Determine c(6).
-49
Suppose 4*y - y + 3*j = 24, j = 0. Let r(m) = m**2 - 8*m - 1. Determine r(y).
-1
Let b(l) = l**2 + 5*l - 6. Suppose 304*h = 308*h + 32. Determine b(h).
18
Let s(x) be the second derivative of x**5/20 + 2*x**4/3 + 3*x**3/2 - 8*x. Suppose 27 = -11*v - 50. Give s(v).
-14
Let m(t) be the second derivative of -t**4/6 + t**3/6 - 63*t**2/2 - 300*t. Calculate m(0).
-63
Suppose 2*o = -2*n + n + 9, 2*n = -5*o + 23. Let q = o + -1. Let d(j) = -q*j + 2*j + 4*j. What is d(1)?
2
Let d be 315/378 - 1/(-6). Let l(m) = -4*m**2 + 4*m - 2. What is l(d)?
-2
Let z(j) = -3*j. Let r(s) = -4*s. Let d(u) = 3*r(u) - z(u). Calculate d(2).
-18
Let j(h) = h**3 - h**2 + h - 1. Let q(p) = -2*p**3 + p**2 - p + 2. Suppose 5*a + 25 = 60. Let y(u) = a*j(u) + 3*q(u). Let w be 775/279 + (-2)/(-9). Give y(w).
2
Let s(l) = l**3 - 6*l**2 + 4*l - 3. Let d be s(6). Let z be ((-1)/1)/(3/d). Let c(q) = q**2 + 6*q. Determine c(z).
7
Let c(u) be the second derivative of u**5/20 + u**4/4 - 2*u**3/3 + u**2/2 + u. Let l = 84 - 80. Let h be -2*(l - (4 + -2)). Calculate c(h).
1
Let r(d) = -d + 1. Let t(m) = 3*m + 11. Let u = 117 - 119. Let c(v) = u*r(v) - t(v). Determine c(-10).
-3
Let i(o) = 14*o**3 + 16 - 4*o**3 + 7*o - 6*o**3 + 5*o - 10*o**2 - 5*o**3. What is i(-11)?
5
Let m(u) = -19*u**3 - u**2 + 17*u + 32. Let z(n) = 7*n**3 + n**2 - 6*n - 11. Let c(k) = 4*m(k) + 11*z(k). Let w be (1/2)/(2/(-28)). Give c(w).
-7
Suppose 115*t - 3*n = 120*t + 14, 24 = -5*t + 2*n. Let g(o) = 5*o - 5. Give g(t).
-25
Let m(n) = -n**2 + 34*n + 138. Let w be m(38). Let u(g) = -g - 3. Calculate u(w).
11
Let m(r) = 2 - r**3 - 4 - 20*r**2 + 25*r**2 - 3 + 2*r - 4*r. Calculate m(6).
-53
Let o(v) = -3*v + 4. Let t be (1 + -4)*(-4)/3. Suppose -l = t*l + 15. Determine o(l).
13
Let s(q) = -2*q - 3. Let f(i) = 3*i + 3. Let y(j) = -3*f(j) - 4*s(j). Suppose b - 4 = -2*h, -40 = -5*h + 4*b + b. Calculate y(h).
-1
Suppose 3*t - 2*c - 21 = 0, 8*t - 45 = 4*t - 3*c. Let v(r) = r**3 - 9*r**2 - 6*r + 6. Give v(t).
-48
Let n(p) = -5*p + 382 + p - 378. Give n(2).
-4
Suppose -74*l = -15*l + 118. Let n(u) = 11*u + 15. Give n(l).
-7
Let y(m) = 2*m - 2. Let k be 2*(-1 + (-2 - -4)). Let c = k + -2. Let t be 0 + (5 - c/3). Determine y(t).
8
Let q(n) = -7*n**2 + 6*n. Let g(u) = -13*u**2 + 11*u. Let l(y) = -6*g(y) + 11*q(y). Let i(m) = m**3 + 6*m**2 + 2*m + 12. Let s be i(-6). Give l(s).
0
Let l(m) = -2*m**2 - 121 + 13*m**3 + m + 223 - 102. Determine l(1).
12
Let c(d) = 2*d**3 + 12*d**2 + 11*d + 2. Let n be c(-5). Let t(k) = -k + 5. Calculate t(n).
8
Suppose 75 = 5*r - 0*r. Suppose -r = -h - 4*h. Let p(k) = -h*k**2 - 2*k**2 + 3*k - 1 + k**2. Give p(2).
-11
Let x be (-4)/24*4*-18. Let a = x - 1. Let t(v) = 6 - v - 18 + a. What is t(-6)?
5
Let g(o) = -2*o - 7. Let m be (4 - 21/6)*10. Suppose -3*s + m = -v - 7, -5*v = -s + 32. Determine g(v).
5
Suppose -4 = 4*j, 3*v - j - 1 - 6 = 0. Suppose v*h - 12 = 2*u, 2*u + 0*h + 11 = h. Let x = 5 + u. Let r(q) = q**3 + q**2 - 7. Give r(x).
-7
Let z(m) = -5*m**2 + m - 19. Let w(s) = -2*s**2 - 9. Let j(o) = 7*w(o) - 3*z(o). What is j(5)?
4
Let z(c) be the third derivative of c**6/40 + c**5/30 + c**3/6 + 434*c**2 + 1. Give z(-2).
-15
Suppose 0 = -2*u - 6 - 4, -5*k + 4*u - 10 = 0. Let p(x) be the first derivative of 1 + 2*x**3 + x + 1/4*x**4 + 1/2*x**2. Give p(k).
-5
Suppose -25 = -2*m - 21. Let o be 2/(-6) + 2/6. Let k(v) = -1 + 10*v**2 + m + o*v**2. Calculate k(1).
11
Let i(a) = 4*a**2 + 7. Let z(t) = t**2 + 2. Let d(q) = -2*q - 40. Let k be d(-22). Let c(p) = k*i(p) - 14*z(p). Suppose 5 = -5*g + 10. Calculate c(g).
2
Let j(w) = -3*w**2 + 2*w**2 + 0*w**2 - 4*w**2. Let y be j(-1). Let u(i) = -i - 4. Determine u(